. Suppose q = -s*q + 4. What is the units digit of q?
1
Let l = 0 + 2. Suppose -6*k = -l*k + 112. What is the units digit of 4*1*k/(-16)?
7
Suppose -2*q + 2 = -2. Suppose 3*i - 19 = 2*h + 35, -5*i + q*h + 94 = 0. Suppose 4*l + 5*r - 40 = 0, r + i = 2*l + 6*r. What is the tens digit of l?
1
Suppose -14 = s - 50. What is the units digit of s?
6
What is the hundreds digit of (-6)/8 - 7434/(-56)?
1
Let s = -10 + 13. What is the units digit of s?
3
Suppose -m + 11 + 11 = 0. What is the units digit of m?
2
Suppose 5*o - 2*o = -4*u + 635, 0 = -3*o - 5*u + 631. What is the hundreds digit of o?
2
Let b(j) = -j**2 - 10*j - 9. Suppose 4*t - t + 15 = 0, 0 = -4*r + 5*t - 3. Let k be b(r). Let q = k - 4. What is the units digit of q?
8
Let q(f) = -f - 4. Let t be q(-8). Suppose 24 = 4*d + 4*l, -6*l = -t*d - 2*l. What is the units digit of d?
3
Let d(m) = -7*m. Suppose -5*j - 22 = 3*c, -5*j + 3*c + 2 = -0*j. Let t be d(j). Let h = -7 + t. What is the units digit of h?
7
Suppose -2*u + 7 = -u. Suppose -4*m - 15 = -u*m. What is the units digit of m?
5
Let m = 7 - 5. Suppose -5*s - 20 = 0, 0 = 3*i - m*s - 3*s - 74. What is the units digit of i?
8
Suppose 2*l - 3*k - 259 = 0, k + 0 = 1. What is the units digit of l?
1
Let z(u) = u**3 - 4*u**2 - 5*u + 3. Let n be z(5). Let r be n*5/(15/(-2)). What is the units digit of r*((-2)/1 + -2)?
8
Suppose 0 = 33*r - 26*r - 1953. What is the tens digit of r?
7
Let o(v) be the second derivative of -v**4/12 - 3*v**3/2 - 2*v**2 + 3*v. What is the units digit of o(-6)?
4
Suppose 2*l - 116 = 2. Suppose 2*g = g + l. What is the units digit of g?
9
Let y = -7 - -22. What is the tens digit of y?
1
Suppose 3*f = 165 - 48. What is the units digit of f?
9
Suppose -3*a + 5*g - 3*g = -14, -a + 14 = -3*g. Let v = 21 + a. What is the tens digit of v?
2
Suppose 132 = 4*u - 5*b, -5*u + 2*b + 95 + 87 = 0. What is the units digit of u?
8
Suppose 5*x - g = 23, x + g = 3 - 2. Suppose 0 = -x*v - 6*u + 3*u, 3*u = -v - 9. Suppose -v*a = -8 + 2. What is the units digit of a?
2
Let l(a) = -5*a - 3*a - 2*a + a**3 + 3*a - 6*a**2. Let m be l(7). Suppose m = -2*d + 3 + 17. What is the tens digit of d?
1
Suppose -4*p + 0*p = -112. What is the tens digit of p?
2
Let b(d) = 8*d + d + 3*d. Let n be b(-1). What is the units digit of n/10*40/(-12)?
4
Suppose -19 = 3*t - 2*c, -3*t = 2*t + 4*c + 61. Let s = 22 + t. What is the tens digit of s?
1
Let w be 2 + 2 + 4/(-2). What is the units digit of 8/6*12/w?
8
Let z = -56 - -97. What is the tens digit of z?
4
Let l(v) = 5*v + 11. What is the units digit of l(9)?
6
Let c be (-1 - 0 - 0) + 1. Suppose c = 6*t - 2*t - 56. Let q = t + 1. What is the tens digit of q?
1
Suppose -3*t + 1 = -8. Suppose 5*d - 45 = 5*v, -t*d = v - 0 - 19. What is the units digit of d?
7
Let r(t) = -t**3 + 4*t**2 - 7*t - 5. Let u be r(6). What is the tens digit of u/(-9) - (-4)/(-18)?
1
Let y(g) = g**3 + 10. What is the units digit of y(0)?
0
Suppose 2*l = -3*h + 71, 3*l + 20 = -l. Let g = h + -2. What is the tens digit of g?
2
What is the tens digit of (0 - -14)*(21 + -11)?
4
Let t = 23 + 70. What is the units digit of t?
3
Suppose 10*q - 2004 = -2*q. What is the hundreds digit of q?
1
What is the units digit of ((-56)/12)/(8/(-36))?
1
Let u(q) = -8*q - 16. What is the tens digit of u(-8)?
4
Suppose 2*u - 6 - 2 = 0. Suppose 0*p + u*a + 49 = 3*p, 4*p = 3*a + 77. What is the tens digit of p?
2
Let d(z) = -4*z + 2. Let y be d(-2). Let h = y - -2. What is the units digit of -2*h/(0 - 3)?
8
Suppose -a - 4 = -3*a. Let d be (a/(-2))/((-3)/6). Suppose -4*v = -n + 21, n - v + 11 = d*n. What is the tens digit of n?
1
Suppose -5*s - x = 1, 4*s - 2 = 4*x - 2*x. Suppose 4*j = 2*j + 10. Suppose s*g + 25 = j*g. What is the units digit of g?
5
Let x(r) = r**3 - 2*r**2 - r - 1. Let v be x(2). Let g be (-2)/(-6) - (-69)/9. Let u = v + g. What is the units digit of u?
5
Let v(o) = 3*o**3 - 23*o**2 + 3*o - 6. Let h(y) = -2*y**3 + 11*y**2 - 2*y + 3. Let g(q) = 5*h(q) + 3*v(q). What is the units digit of g(-14)?
1
Let z(j) = 3*j**3 + j**2 - 2*j. Let k be z(2). Suppose 2*p + k = -2*p. What is the tens digit of 4/p + (-35)/(-3)?
1
Let x(n) = n**3 + 9*n**2 - 11*n - 6. Let c be x(-10). Let i = 6 + c. What is the units digit of i?
0
Suppose k + 208 = 4*v, 0 = -4*v + 2*k - 4*k + 196. What is the tens digit of v?
5
Let s = -61 + 117. What is the tens digit of s?
5
Suppose -197*n + 260 = -195*n. What is the units digit of n?
0
Let l be -2*(-6 - -3)/3. What is the units digit of (l - (-1 + -1)) + 4?
8
Suppose -13*k + 180 = -18*k. Let j = k - -52. What is the units digit of j?
6
Suppose -6 = -2*w + 2. Let s(n) = -2*n - n + w*n + n. What is the units digit of s(3)?
6
Let u(h) = 3*h**2 + h. Let z be u(1). Suppose p = d - 3*d + 11, -1 = -d + 4*p. Suppose -z*w + d*w - 4 = 0. What is the units digit of w?
4
Let h(u) = -13*u + 15. What is the tens digit of h(-5)?
8
Let z(b) = -4*b. Let g be z(1). What is the tens digit of g*((-69)/12 - -3)?
1
Let j be -15*(2/5 + -1). Suppose 5*m - 142 = -f, 0 = m + f - 21 - j. What is the tens digit of m?
2
Suppose -5*g - 5*i + 25 = 0, 5*g = -i - 3*i + 23. Suppose 10 = 4*p + g*d, 0 = -5*p + d + 2*d - 1. What is the units digit of p?
1
Let n be ((-24)/5)/((-2)/10). Suppose 5*z - 2*z + n = 0. What is the tens digit of (-124)/(-7) + z/(-28)?
1
Let i be (-1 - 0)/((-1)/2). Suppose -7*k + 3*k - 4*y = -80, 8 = k - i*y. What is the units digit of k?
6
Suppose 23 + 40 = 3*g. What is the units digit of g?
1
Let v(j) = -j + 7. Let u be v(5). Let a = 4 - u. Suppose -b + 7*n - a*n = -7, 2*b = 5*n + 9. What is the units digit of b?
2
Let j be (-2)/3*(1 + -4). Suppose 3*c + 2*l = 2*c - j, -l + 5 = 2*c. What is the units digit of (-14)/c*-1*2?
7
Suppose -4*i + 3 + 9 = 0. Suppose 18 = -j - 3*j + i*o, -o + 11 = -3*j. Let c = 4 - j. What is the units digit of c?
7
Let v be (3 + (-16)/6)*15. Suppose 0 = v*a + 3*q - 144, 2*a - 17 = 4*q + 51. What is the units digit of (18/(-15))/((-4)/a)?
9
Let h(p) = -2*p - 4. Let s be h(-5). Suppose -s = -4*y + 2*y. Suppose -y*c - 5 = -8*c. What is the units digit of c?
1
Suppose 0*v + 8 = 4*v. Let h(q) be the third derivative of q**4/12 + q**3/6 - 2*q**2. What is the units digit of h(v)?
5
Let a(d) = 2*d**2 + 10*d + 8. Suppose 0 = -5*u - 5*r - 25, 3*u + 2*r = -2*r - 14. What is the tens digit of a(u)?
2
Suppose -6*l - 20 = -4*l. Let c = 24 + l. What is the tens digit of c?
1
What is the units digit of (-4)/(-30) + 0 + 840/450?
2
Let c(f) = -11*f - 7. Let j(y) = -5*y - 4. Let u(w) = -3*c(w) + 7*j(w). Let b = -44 + 37. What is the units digit of u(b)?
7
Let w be 1*3/3*-11. Let t = w - -24. What is the units digit of t?
3
Let j(i) = i**2 + i - 22. What is the hundreds digit of j(-15)?
1
Suppose -3*s + 5*l = -6*s + 540, 0 = -4*s + 2*l + 746. Suppose 2*m = -3*m + s. What is the units digit of (-3)/12 - m/(-4)?
9
Let m be 0 + 4 - 37 - 2. Let v = m + 81. What is the units digit of v?
6
Let l(m) = -4 + 6*m**2 + 0*m + 7*m**3 - 9 - m. Let u(w) = -w**3 + w + 1. Let q(j) = -l(j) - 6*u(j). What is the units digit of q(-5)?
7
Let i(x) = -3*x + 23. What is the tens digit of i(-8)?
4
Let j(t) = 2*t**2 + 2*t + 11. What is the tens digit of j(-10)?
9
Suppose -10*r + 11*r - 60 = 0. What is the tens digit of r?
6
Suppose q - 2*h = 18 - 6, -2*h - 28 = -3*q. What is the units digit of q?
8
Suppose 0 = -3*r + 3 + 21. What is the units digit of r?
8
Suppose 2*c = -4*f - 8, -3*f + 5*f - 4 = -3*c. Suppose -c*x - 145 = -9*x - 5*b, -125 = -5*x - b. What is the units digit of x?
4
Suppose 3 = 4*b + 7. Let j be (1*(-2 - -1))/b. Let c = 13 - j. What is the units digit of c?
2
Let h be 9/(-6)*2/(-3). Let f = 2 + h. What is the units digit of f?
3
Suppose -4 - 61 = -5*b. What is the tens digit of b?
1
Let a be (4 - 7) + 64/2. Let h = a + -15. What is the units digit of h?
4
Let i be (2/6)/((-2)/(-30)). Let q(f) = f**3 - 20*f**2 + 18*f + 16. Let u be q(19). What is the units digit of (-195)/i*1/u?
3
Let g = 1 - -1. What is the units digit of 1/((-2)/(-8)*g)?
2
Let t = 105 - -8. What is the tens digit of t?
1
Let s = 50 - 17. Let z = s + -16. What is the tens digit of z?
1
Let b be (-6)/3 - 7*-1. Suppose -l + b = 4*l. Let c(i) = 6*i**3 - i**2 + i - 1. What is the units digit of c(l)?
5
Let x = 7 + -3. Let l = x - 6. Let i = l + 5. What is the units digit of 